 13176 = 2*p - s. What are the prime factors of p?
2, 67, 197
Let w be ((-28)/(-84))/(1 + 32/(-30)). Let i be (-20)/3*9/(-6). List the prime factors of i*(0 + -1)*w.
2, 5
Let g(r) = 4*r**2 - 22*r - 18. Let u be g(10). Suppose 8 = -4*h, u = 4*l + 2*h - h. List the prime factors of l.
41
Let k = -25567 + 107026. List the prime factors of k.
3, 7, 431
Let z = -1189 + 3091. List the prime factors of z.
2, 3, 317
Suppose 86448 = n - 4*o, 136660 = 3*n - 5*o - 122684. List the prime factors of (-3)/(18/(-4)) + n/144.
601
Suppose 41418*k - 41398*k = 180400. What are the prime factors of k?
2, 5, 11, 41
Let l = 98830 - 60696. What are the prime factors of l?
2, 23, 829
Let y(q) be the first derivative of q**3 + q**2/2 - 33*q - 2679. Suppose 0 = -5*r + 2*r + 18. List the prime factors of y(r).
3
Let r be ((48/5)/(-8))/((-6)/20). Suppose -r*c + 4 = -2*o - 2*o, 4*c - 4 = o. Suppose -2*k + 18 = 2*u - 4, -4*u - 3*k + 45 = o. List the prime factors of u.
2, 3
Let b(u) = 19*u - 21 - 5 + 0*u - 1. List the prime factors of b(11).
2, 7, 13
Let s(o) = -o**3 - 2*o**2 + 24*o - 3. Let v be (-1)/1*6 - (-54)/(-18). What are the prime factors of s(v)?
2, 3, 29
Let c(w) = -2*w**3 + 2*w**2 + 21*w - 47. Let x be c(5). Let g = x + 384. What are the prime factors of g?
2, 11
Suppose -a + 5*a = 0. Let h = 28 - a. Let p = 30 - h. What are the prime factors of p?
2
Let f = -201 + 225. Let g(r) = -5*r**2 - r. Let l be g(-1). List the prime factors of 3/l + 475*6/f.
2, 59
Suppose -362*t + 357*t + o + 39108 = 0, -5*t = -4*o - 39117. List the prime factors of t.
3, 11, 79
Let d(r) = -6*r**2 - r - 9. Let v be d(-5). Let n be (-28)/v + (-664)/22. Let k = n - -53. List the prime factors of k.
23
Suppose 0 = -4*u + 11*u + 4*d - 150181, -d - 21445 = -u. List the prime factors of u.
19, 1129
Suppose 0 = 2*n + 5*n - 132244 - 312473. List the prime factors of n.
3, 13, 181
Suppose 8*i + 2*i = 0. Suppose i = -3*b - b, -485 = -s + 3*b. Suppose -10*w + 1255 = -s. What are the prime factors of w?
2, 3, 29
Suppose 0 = -2*g + 30 - 6. Suppose 9*r - 10*r = -g. Let h = r - -6. List the prime factors of h.
2, 3
Suppose 20 = 5*g - 2*o, -6*g - 4*o + 8 = -4*g. Suppose 0 = g*v + 5 + 1063. Let y = v + 465. What are the prime factors of y?
2, 3, 11
Let v(w) = -1855*w - 1899. What are the prime factors of v(-5)?
2, 461
Suppose 0 = -35*l + 1909577 - 469642. List the prime factors of l.
41141
Let k be ((-63)/(-42) - (-7)/(-2))*-2. Let f(i) = 5*i**2 - 17*i + 19. Let o(z) = -2*z**2 + 9*z - 10. Let t(h) = 3*f(h) + 5*o(h). List the prime factors of t(k).
3, 7
Let y = -867 + 6719. Suppose 717*l = 721*l - y. List the prime factors of l.
7, 11, 19
Let x(g) = 74*g**2 + 227*g + 5310. List the prime factors of x(-25).
3, 5, 7, 19, 23
List the prime factors of (-193914)/(-5) + (-6)/150*-5.
38783
Let n = 174 + 292. Suppose 2*z - n = 4*r, -5*z + 4*r = -1219 + 24. What are the prime factors of z?
3
Let k = -5898 - -12599. Suppose 0 = -2*z - 5*a + 3384, 5*z - 1717 = -2*a + k. List the prime factors of z.
2, 29
Suppose a - 5*a - 3*a = -102088. List the prime factors of a.
2, 1823
Suppose 0*h + 11*h - 649 = 0. Suppose 7 = -4*r + 4*l + h, 3*l = -2*r + 51. List the prime factors of r.
2, 3
Suppose 3*i + 2*u + 2165 = 0, -4*i - i - 4*u = 3605. Let k = i + 1265. Suppose 4*m + k = 5*r - m, 0 = m - 5. What are the prime factors of r?
113
Let b be (-1)/((-3)/(-18)*-2). Suppose 5 + 0 = x - m, -b*m - 5 = 2*x. List the prime factors of ((-224)/(-4) - -1) + x.
59
Let m(j) = 4*j**2 - 72*j + 36. What are the prime factors of m(23)?
2, 31
Let x(u) = 13*u - 739. Let g(q) = 7*q - 369. Let l(z) = 11*g(z) - 6*x(z). Let v be l(0). Let r = v + -266. List the prime factors of r.
109
Let q(h) = -h**2 + 20*h - 73. Let n be q(-27). Let k = 2254 + n. What are the prime factors of k?
2, 3, 19
Let i(l) = 13*l**2 - 5*l + 4 + 3*l - 3*l - l. List the prime factors of i(-6).
2, 127
Let k(f) = -f**2 - 7*f - 9. Let t be k(-5). What are the prime factors of 4 - ((-524 - 18) + t*-1)?
547
Let o = 22 - 25. Let x(w) = w**2 + 2*w - 3. Let j be x(o). Suppose -f + 3*s + 4 = -j, -5*f - 2*s = -71. What are the prime factors of f?
13
List the prime factors of (-310)/(-248)*(-1026592)/(-20).
2, 7, 4583
Suppose -15 + 2 = -a. Suppose -a*h + 10*h - 720 = 0. Let p = -92 - h. List the prime factors of p.
2, 37
Let c(t) = 34*t + 1. Let a be (-2)/(-13) + (-5)/((-65)/102). List the prime factors of c(a).
3, 7, 13
What are the prime factors of ((0 - -945) + (-744)/(-93))*1?
953
Let f be (5 - (7 + -1)) + 87. Let o = f - 8. What are the prime factors of o?
2, 3, 13
Let r(q) = 11*q**2 - 6. Let g be (1/((-3)/2))/((-12)/36). Let n be r(g). Let o = 116 - n. What are the prime factors of o?
2, 3, 13
Let m = -636 - -2448. Suppose -882 - m = -6*o. What are the prime factors of o?
449
Let n(o) = 2*o - o**2 - 31 + 3*o**2 - o**2. Let t be n(-7). Suppose 3*j + t*p + 107 = 6*j, 0 = -3*j - 2*p + 131. What are the prime factors of j?
41
Let b = 22 - 21. Suppose -3 = 2*t - b. List the prime factors of t/(812/272 + -3).
2, 17
Let z(a) = a - 2. Let d be z(5). Let u be (-6110)/(-188)*(-4)/(-5). Suppose 5*x - 2*r = 4*x + u, -21 = -x - d*r. What are the prime factors of x?
2, 3
Suppose -4*a - 2*d = 9 - 25, 2*a + 2*d = 12. Suppose 3*w + 2*h = h + 102, a*w + 3*h - 61 = 0. What are the prime factors of w?
5, 7
Let p = 9468 - 2724. List the prime factors of p.
2, 3, 281
Let g be ((-204)/27)/(-2) + 8/36. Let u be ((-12)/5)/(12/(-520)). Suppose g*j + 8 = 0, 3*i + 5*j - u = -0*i. What are the prime factors of i?
2, 19
Suppose -7 = -6*j + 17. Suppose j*s + 5*m = 6*s - 113, 0 = 4*s + 5*m - 211. List the prime factors of s.
2, 3
Suppose 6 = 7*y - 120. Let l(g) = 38*g - y*g**2 - 39*g + 48*g**2. What are the prime factors of l(-1)?
31
Suppose -59*k + 66*k = -805. List the prime factors of -6 + k/(-20) - (-3138)/8.
2, 7
Suppose 28717 = 4*z + q, 0 = -22*z + 18*z - 5*q + 28705. What are the prime factors of z?
2, 5, 359
Suppose -2*c + q - 176 = 0, 255 = -3*c - 5*q + 2*q. Let h = c + 41. Let z = h + 89. List the prime factors of z.
43
Let l(a) = 12*a**2 - 21*a - 48. What are the prime factors of l(14)?
2, 3, 5, 67
Let j(b) = -2*b**2 + 1868 - 4*b**2 - 2*b**2 + 4*b + 7*b**2 - b. What are the prime factors of j(0)?
2, 467
Let r(t) = -186*t**2 - 1224*t + 4. What are the prime factors of r(-6)?
2, 163
Suppose -16*h + 59434 = -214. List the prime factors of h.
2, 233
Let w = 79281 - 41564. What are the prime factors of w?
37717
Suppose 2*j + 366 = 26. Let l = -131 - j. What are the prime factors of l?
3, 13
Let f be 4 + 342*8/(-4)*-1. Suppose -6*b + 2684 + f = 0. List the prime factors of b.
2, 281
Suppose 0 = 4*p - 3*x - 33912, 5*p + x = 17886 + 24504. List the prime factors of p.
2, 3, 157
Let r = 5443 - -1310. List the prime factors of r.
3, 2251
Suppose -4*t + 6 = 2*t. Let y be (2 - 1)/(-1 - -2) - t. List the prime factors of -6 + 2 + 2 + (4 - y).
2
Let z be (-260)/(-6)*(-7 + 24/(-3)). Let j = z - -763. What are the prime factors of j?
113
Let f(r) = 71*r + 14. Let h(q) = q**3 - 4*q**2 - q + 7. Let p be h(3). Let u(t) = 47*t + 9. Let y(v) = p*f(v) + 7*u(v). What are the prime factors of y(-8)?
3, 67
Suppose -3*n - 6*v + 2*v = -17, -n - 3*v - 1 = 0. Let a = n - 8. Suppose 121 = 2*u + u + 2*s, a*u + 3*s = 126. List the prime factors of u.
37
Let o be (-100)/(-45) + 6/(-27). Let w be 1*(-1 + o)*5. Suppose -6*v + 101 = -w*v. What are the prime factors of v?
101
Let x(c) = c**3 + 20*c**2 + 43*c + 11. Let v(n) = -n**2 + 22*n - 38. Let d be v(20). Let b be -18 + (d - (-2)/1) - 3. List the prime factors of x(b).
3, 7
Suppose 0*w = -16*w + 32. Suppose p - 5*o - 8 = 3*p, -w = -4*p - o. List the prime factors of (1374/(-4))/p*(-4)/6.
229
What are the prime factors of 1006*(-15)/((-120)/148)?
37, 503
Let s(c) = -2*c**3 - 6*c**2 - 10*c - 9. Suppose 0 = -4*f + 8*f - r - 39, 5*r + 15 = 0. Suppose -f*z - 28 = -2*z. List the prime factors of s(z).
3, 7
Let s be (10 - 5)*1/((-10)/4). Let v be (1 + s + 2)*24. Suppose 0 = 3*f - 2*b - v - 28, 59 = 3*f + 5*b. What are the prime factors of f?
2, 3
Let f be (2 - (-16)/(-6))*(-93)/62. What are the prime factors of (4 - f)*(6 + -1 + 152)?
3, 157
Let c = -25 + 29. Suppose -c = -12*d + 10*d. Suppose b - d*b = -19. What are the prime factors of b?
19
Suppose 0*h = 2*h + 10*g - 85172, 2*g - 